9736717?
1
What is the thousands digit of 2698645?
8
What is the hundreds digit of 197023?
0
What is the tens digit of 81402?
0
What is the thousands digit of 927132?
7
What is the hundred thousands digit of 20270125?
2
What is the millions digit of 1211205?
1
What is the hundred thousands digit of 3308475?
3
What is the units digit of 16147898?
8
What is the units digit of 101468?
8
What is the millions digit of 29823263?
9
What is the tens digit of 6106822?
2
What is the units digit of 5274465?
5
What is the hundreds digit of 210005?
0
What is the tens digit of 3270957?
5
What is the thousands digit of 9130155?
0
What is the thousands digit of 3933175?
3
What is the millions digit of 7265480?
7
What is the millions digit of 3294016?
3
What is the tens digit of 393451?
5
What is the hundred thousands digit of 265317?
2
What is the units digit of 355120?
0
What is the ten millions digit of 14809330?
1
What is the thousands digit of 248855?
8
What is the tens digit of 66191?
9
What is the hundred thousands digit of 205621?
2
What is the hundred thousands digit of 1525684?
5
What is the millions digit of 2530699?
2
What is the thousands digit of 656603?
6
What is the tens digit of 330768?
6
What is the hundred thousands digit of 729646?
7
What is the millions digit of 14455160?
4
What is the hundred thousands digit of 347839?
3
What is the millions digit of 21307315?
1
What is the ten thousands digit of 6231780?
3
What is the tens digit of 124203?
0
What is the millions digit of 2648043?
2
What is the tens digit of 659578?
7
What is the ten thousands digit of 368940?
6
What is the ten thousands digit of 17183436?
8
What is the tens digit of 709703?
0
What is the hundreds digit of 5030219?
2
What is the ten thousands digit of 681298?
8
What is the hundreds digit of 1220934?
9
What is the thousands digit of 1569090?
9
What is the hundred thousands digit of 6101204?
1
What is the units digit of 237347?
7
What is the units digit of 8444114?
4
What is the hundreds digit of 60299?
2
What is the tens digit of 1188421?
2
What is the millions digit of 1465435?
1
What is the ten thousands digit of 43811?
4
What is the thousands digit of 20322439?
2
What is the tens digit of 19099998?
9
What is the thousands digit of 229580?
9
What is the thousands digit of 594319?
4
What is the ten millions digit of 10380477?
1
What is the millions digit of 1733128?
1
What is the ten thousands digit of 11475020?
7
What is the units digit of 146095?
5
What is the millions digit of 2554919?
2
What is the tens digit of 333806?
0
What is the hundred thousands digit of 781451?
7
What is the ten thousands digit of 3552999?
5
What is the hundred thousands digit of 1187173?
1
What is the hundreds digit of 224542?
5
What is the tens digit of 586826?
2
What is the tens digit of 26631454?
5
What is the ten thousands digit of 1372058?
7
What is the tens digit of 821215?
1
What is the tens digit of 59672?
7
What is the hundreds digit of 367791?
7
What is the hundreds digit of 55632?
6
What is the hundred thousands digit of 960501?
9
What is the hundreds digit of 1235762?
7
What is the ten thousands digit of 2618796?
1
What is the hundred thousands digit of 7634313?
6
What is the hundreds digit of 1589488?
4
What is the thousands digit of 1732920?
2
What is the ten thousands digit of 489206?
8
What is the units digit of 20901950?
0
What is the hundred thousands digit of 796238?
7
What is the tens digit of 237091?
9
What is the ten thousands digit of 1184197?
8
What is the ten thousands digit of 875218?
7
What is the ten thousands digit of 53287?
5
What is the hundred thousands digit of 1050562?
0
What is the thousands digit of 27320391?
0
What is the hundred thousands digit of 977255?
9
What is the hundreds digit of 702865?
8
What is the millions digit of 3360243?
3
What is the tens digit of 7973673?
7
What is the thousands digit of 465999?
5
What is the millions digit of 1230707?
1
What is the hundred thousands digit of 1729573?
7
What is the hundreds digit of 176762?
7
What is the units digit of 12970547?
7
What is the hundreds digit of 666131?
1
What is the thousands digit of 679225?
9
What is the units digit of 105478?
8
What is the thousands digit of 453005?
3
What is the hundred thousands digit of 2618077?
6
What is the units digit of 13347629?
9
What is the thousands digit of 1723?
1
What is the units digit of 4975007?
7
What is the millions digit of 23277081?
3
What is the units digit of 434377?
7
What is the hundreds digit of 755960?
9
What is the ten thousands digit of 133958?
3
What is the hundred thousands digit of 706696?
7
What is the hundreds digit of 301560?
5
What is the units digit of 181992?
2
What is the hundred thousands digit of 7717916?
7
What is the hundred thousands digit of 523483?
5
What is the thousands digit of 2788538?
8
What is the tens digit of 285043?
4
What is the hundred thousands digit of 139002?
1
What is the hundreds digit of 12379?
3
What is the tens digit of 66702?
0
What is the millions digit of 6545859?
6
What is the ten thousands digit of 204909?
0
What is the tens digit of 6012126?
2
What is the tens digit of 95147?
4
What is the tens digit of 41557318?
1
What is the ten thousands digit of 304809?
0
What is the hundreds digit of 6728327?
3
What is the tens digit of 32905?
0
What is the ten thousands digit of 147683?
4
What is the ten thousands digit of 6130038?
3
What is the tens digit of 157381?
8
What is the tens digit of 16641450?
5
What is the hundred thousands digit of 124046?
1
What is the tens digit of 1022613?
1
What is the thousands digit of 385379?
5
What is the units digit of 10948285?
5
What is the hundreds digit of 284769?
7
What is the thousands digit of 803470?
3
What is the hundreds digit of 27032?
0
What is the thousands digit of 13331033?
1
What is the hundred thousands digit of 607175?
6
What is the ten thousands digit of 4770910?
7
What is the tens digit of 2537089?
8
What is the thousands digit of 10897?
0
What is the hundreds digit of 4766672?
6
What is the thousands digit of 8988599?
8
What is the ten thousands digit of 38311493?
1
What is the units digit of 779770?
0
What is the tens digit of 18177314?
1
What is the tens digit of 2669990?
9
What is the hundred thousands digit of 3525495?
5
What is the hundred thousands digit of 1623207?
6
What is the thousands digit of 311263?
1
What is the thousands digit of 1266705?
6
What is the hundreds digit of 578780?
7
What is the hundreds digit of 8306107?
1
What is the hundred thousands digit of 958935?
9
What is the hundred thousands digit of 5844118?
8
What is the thousands digit of 1572686?
2
What is the ten thousands digit of 1603080?
0
What is the millions digit of 1075390?
1
What is the hundred thousands digit of 14144764?
1
What is the millions digit of 9463966?
9
What is the thousands digit of 4697346?
7
What is the hundred thousands digit of 111772?
1
What is the millions digit of 9229704?
9
What is the tens digit of 131724?
2
What is the millions digit of 18857666?
8
What is the hundreds digit of 1529250?
2
What is the thousands digit of 4175700?
5
What is the hundred thousands digit of 542682?
5
What is the units digit of 140091?
1
What is the hundred thousands digit of 754914?
7
What is the ten thousands digit of 207322?
0
What is the units digit of 7614256?
6
What is the hundreds digit of 564476?
4
What is the ten thousands digit of 660305?
6
What is the units digit of 157045?
5
What is the tens digit of 75650?
5
What is the thousands digit of 5332230?
2
What is the units digit of 1099972?
2
What is the hundred thousands digit of 4542759?
5
What is the hundreds digit of 2964709?
7
What is the hundreds digit of 10157091?
0
What is the hundreds digit of 1054732?
7
What is the hundreds digit of 1434223?
2
What is the ten thousands digit of 497626?
9
What is the thousands digit of 29007940?
7
What is the hundreds digit of 3839736?
7
What is the units digit of 1659930?
0
What is the thousands digit of 155375?
5
What is the ten thousands digit of 222129?
2
What is the hundreds digit of 28142?
1
What is the hundred thousands digit of 211198?
2
What is the thousands digit of 5561826?
1
What is the ten thousands digit of 139894?
3
What is the thousands digit of 70002?